/3 - v**2. Let p(r) = -3*r - 12. Let g(y) = -17*b(y) - 6*p(y). Suppose -11*l = -2*l + 63. Give g(l).
-3
Suppose 5*a - 5 = -3*y, -y + 4 = 4*a + y. Let r = a - -2. Let u = r - 3. Let h(k) = k**2 - 2. What is h(u)?
-2
Let b(s) = -2*s**3 + 8*s**2 - 5*s. Let z(l) = 3*l**3 - 17*l**2 + 11*l. Let j(a) = 13*b(a) + 6*z(a). Determine j(-1).
9
Let z(r) be the third derivative of -r**5/60 - r**4/4 - 2*r**3/3 - 32*r**2. Determine z(-5).
1
Let q(y) = y**3 - 6*y**2 + 7*y + 2. Let i be q(5). Let r = 11 - i. Let k(m) = 12*m**3 + 2*m + 1. Determine k(r).
-13
Let h(r) be the third derivative of 0*r - 1/120*r**6 + 1/30*r**5 - r**2 - 1/2*r**3 - 1/8*r**4 + 0. Let c(o) be the first derivative of h(o). Give c(2).
-7
Let m(i) = 0 + 0 + i**2 + 0 - i. Let k(t) = -t**2 - 1. Let d(c) = 4*k(c) + 3*m(c). Calculate d(-3).
-4
Let d(r) be the second derivative of -r**6/360 + r**5/20 + r**4/12 + 2*r**3/3 + 8*r. Let v(a) be the second derivative of d(a). Calculate v(5).
7
Let f be (-2)/8 - ((-42)/(-24) + -4). Let n(v) = v**3 + 2*v**2 - 4*v + 3. What is n(f)?
11
Let d(t) = -t**3 - 4*t**2 + 6*t + 7. Let r be d(-5). Let m(q) = 3*q**2 - 2*q - 2. Calculate m(r).
6
Suppose a = 6*a - 5. Let p be (4 + -5)/(a/(-3)). Let z(b) = -2*b + 1. Give z(p).
-5
Let w(i) = -i**2 - 4*i + 5. Let q be w(-6). Let h(g) = -g**3 - 5*g**2 + 9*g + 1. Give h(q).
36
Let d be 1134/66 - 4/22. Let l(p) = p**2 - 2 + d*p - 20*p - 1. Determine l(5).
7
Let a(q) = 1. Let f(c) = -2*c + 7. Let m(h) = -3*a(h) + f(h). Let w = 9 + -4. Let j be 0/w + (-6)/(-2). What is m(j)?
-2
Let t(x) = 5*x + 13 - x**2 + 16 + 5*x - 37. Determine t(8).
8
Let y(v) = v + 7. Let f be y(0). Let g be f*(6/(-3))/(-2). Let l(n) = n - 5. Give l(g).
2
Let t(p) = 7*p + 2. Let g(a) = -8*a - 2. Let o(i) = -6*g(i) - 7*t(i). Determine o(-3).
1
Let f(p) be the second derivative of p**3/6 - 5*p**2 + p. Give f(7).
-3
Suppose 3*q = -p - 13, 7 = 2*p - 4*q - 7. Let h be p/3*9*-1. Let t(u) = u**2 + 3*u - 2 + h + 3*u. Calculate t(-5).
-4
Let u(s) = -s**2 + 5*s. Suppose 0 = 3*m + 3*g - 3, -2*m = 3*m - 5*g + 15. Let k be 0 + 1 + 3 + m. What is u(k)?
6
Let s(i) = -3*i + 1. Let w(v) = 3*v - 2. Let r(q) = 4*s(q) + 5*w(q). Determine r(4).
6
Let k = 54 + -55. Let h(x) = -3*x**2 + x + 1. What is h(k)?
-3
Let d(w) = -w**2 - 5*w - 6. Let y(k) = 7*k**2 - 11*k - 7. Let p(f) = -f**2 - 2 + f - 1 + 4. Let i(j) = -6*p(j) - y(j). Let u be i(6). Give d(u).
-6
Let m = 170 - 174. Let f(b) = b**2. Determine f(m).
16
Let c(y) = -3*y**3 - 3*y + 5. Let g(m) = -2*m**3 + m**2 - 3*m + 5. Let k(x) = 3*c(x) - 4*g(x). Let u(t) = t**2 + 15*t - 39. Let l be u(-17). Give k(l).
5
Let p(x) = 0 + 6*x**2 - 1 - x + 2*x. Let r(k) = -k**3 + 3*k**2 - k. Let l be r(2). Suppose 0 = -o - l*i + i + 1, 0 = 5*i. Give p(o).
6
Let m(a) = a**2 + 5*a - 1. Let y = 115 + -118. Determine m(y).
-7
Suppose 5*u = -25, 4*d + 4*u = -193 - 19. Let l = -32 - d. Suppose 3*h + r - l = 0, -4*r + 4 = -4*h + r. Let z(k) = k**3 - 3*k**2 - 4*k - 2. Calculate z(h).
-2
Suppose -5*i + 4*f + 30 = 0, i + 3 = 5*f + 9. Let x(u) = 2*u - 10. Let v be x(i). Let b(c) = c**2 - 4*c + 1. Give b(v).
-3
Let l be 28/(-21)*(-6)/4. Let y(u) = -39*u + 6 + 34*u + u**3 + 4*u**l - 1. What is y(-5)?
5
Let n be ((-1)/(-3))/((-40)/24 - -2). Let l(y) = 4*y. Calculate l(n).
4
Let q = -27 + 29. Let s(y) be the first derivative of -4/3*y**3 + 2*y**q - 6*y + 1/4*y**4 + 2. What is s(4)?
10
Let j(l) = 1 - 2 - 1 - l. Suppose 0 = 3*c - 6, -4*f + 5*c + 1 = 11. What is j(f)?
-2
Let v(x) = -3*x**2 + 2. Suppose 4*c = -p - 19, p - 2*c = c + 9. Determine v(p).
-25
Let d(g) = g**2 + 7*g + 4. Let v(q) = -q**2 - 5*q - 3. Let t be v(-5). Give d(t).
-8
Let v(a) = -a + 2*a - 8*a**2 + 0*a. What is v(1)?
-7
Let z(o) = -o**2 - o + 17. Suppose -2*m = -6*m - 3*n + 3, 2*n = 2*m + 2. Calculate z(m).
17
Suppose 5*p - 4 = p. Suppose -r - 1 = p. Let y(a) = -4*a**2 - 4*a + 1. Let k(v) = -3*v**2 - 3*v + 1. Let q(h) = 6*k(h) - 5*y(h). Determine q(r).
5
Let l(p) = 6*p + 61. Let t be l(-12). Let n(o) = -o**2 - 10*o + 3. Give n(t).
-8
Let u = -5 - -8. Suppose 0*f + w = -5*f + 7, -2*f - 5 = u*w. Let x(t) = 3*t**2 + 0*t - 6*t - t**2 - 4 - 3*t**f. Calculate x(-6).
-4
Let n(y) be the third derivative of -y**6/120 - y**5/30 + y**4/6 + y**3/3 + 11*y**2. Give n(-3).
-1
Suppose -4*s = -3*n, 0 = n - 2*n - 3*s. Let c(u) = 7*u + 14. Let b(i) = -3*i - 7. Let d(r) = 5*b(r) + 2*c(r). Determine d(n).
-7
Let k(y) be the third derivative of y**5/60 + 7*y**4/24 + y**3/2 + y**2. Let s be k(-6). Let x be s + 1 - (-8 - -2). Let j(d) = -2*d**2 + 6*d - 1. What is j(x)?
-9
Let b(x) = x**2 + 6*x. Let h be b(-5). Let t be (3 + 2)*(-8)/(-5). Let c(u) = -3 - 6*u + 3*u + t - u**2. Give c(h).
-5
Suppose 5*u = 4*u. Let m(t) be the first derivative of -1/3*t**3 + 1/2*t**2 + 2 + 7*t. Give m(u).
7
Let w(n) = n**3 - n**3 + n**3 + n - 2*n. Calculate w(2).
6
Let q(h) = 4 - 2*h + 0*h**3 + h**2 + 12*h**3 - 3*h**2 - 5. Determine q(-1).
-13
Let a(h) = 4*h**2 + 3 + h**3 - h**3 - 4*h + 3*h**3 - 4*h**3. What is a(3)?
0
Suppose -3*r = -3, 2*l - 3*r = -0*l - 15. Let m(b) = -b**3 - 6*b**2 + 8. Calculate m(l).
8
Suppose 0 = -q + 2*w + 3, -2*q - 2*w + 6 = -0*q. Let h(v) = -2*v + 1. Determine h(q).
-5
Let s(j) = -3*j + 2. Let q(n) = -n - 2. Let p be q(-6). Let z be -4 + (0 - -10 - p). Give s(z).
-4
Let t be (2 + 1 - 2)*-7. Let b(s) = -s**3 - 6*s**2 + 10*s + 6. Give b(t).
-15
Let u(i) = i**2 - 3*i. Suppose 0 = 2*r - 2*z - 14, 5*z - 4 = 2*r - 27. Let h be u(r). Let a(y) = 0*y + 4*y + h - 2*y. What is a(-3)?
-2
Let t(w) = -w**3 - 9*w**2 - 7*w + 10. Let a be t(-8). Let m(p) = p + 2. What is m(a)?
4
Let p(s) = -2*s + s**2 + 4 - 7*s + 2*s + 0*s**2. Give p(6).
-2
Suppose -g - 4*g + 4*f = -31, -4*f = 16. Let w(d) = d**2 - 9*d**3 - 6*d**3 + 14*d**g - 3 + 2*d. Give w(2).
-3
Let j(d) = -d - 1. Let g(i) = -3*i - 6. Let p(n) = g(n) - 4*j(n). Give p(-5).
-7
Let v(z) be the third derivative of z**4/24 - 2*z**3 - 7*z**2. Calculate v(6).
-6
Suppose 0 = -0*f + 2*f - 2. Let t(o) = -3*o**2 + 15*o - 15*o. Give t(f).
-3
Let l(o) = 3*o**2 - o - 1. Suppose h + 22 = s + 2*s, -2*h = s + 2. Let g be s/9 - (-8)/6. Give l(g).
9
Let t(c) = -4*c**2 + 3*c + 1. Let s(p) = -11*p**2 + 8*p + 3. Let b(h) = 3*s(h) - 8*t(h). Suppose -l + 0 - 1 = 0. What is b(l)?
0
Let f(c) be the third derivative of c**6/120 - c**5/15 - c**4/4 + 7*c**3/6 - 7*c**2. Calculate f(5).
2
Suppose 13*w = 11*w + 6. Let t(f) = f**2 - 6*f + 2. Let i be t(6). Let x(k) = 2*k - 2 - w*k + i. Give x(2).
-2
Let t(y) = y**2 - y + 1. Let r be t(3). Let g(u) = -u + r - 3 - 2. Determine g(5).
-3
Suppose 5*p + 1 - 16 = 4*s, 25 = 5*p - 2*s. Let u(l) = -l + 1. Determine u(p).
-6
Let b = -1 - -2. Let a(p) = 6*p**3 - 4*p**2 - 10*p + 5. Let j(g) = -g**3 + g. Let n(x) = b*a(x) + 5*j(x). Calculate n(5).
5
Let m(t) = 2*t**2 + 6*t + 2*t - 2*t - 3*t**2. Let g be m(6). Let v(d) = -d**2 - d - 8. Calculate v(g).
-8
Let l(a) = a**3 - a**2 + a - 12. Let c(b) = -b**2 - 15*b. Let j be c(-15). What is l(j)?
-12
Let f(y) = -3*y + 5. Let d(a) = -3*a + 4. Let j(z) = 4*d(z) - 3*f(z). Let k be ((-12)/(-2))/(6/4). Suppose -k*n - 3*x = -19, n - 4*n = -3*x + 12. What is j(n)?
-2
Let u(q) = q - 4. Suppose 8*p - 25 = 3*p. Give u(p).
1
Let j(a) = 3*a**3 - 4*a**2 - a + 4. Let o(w) = -w**3. Let b(f) = -j(f) - 2*o(f). Calculate b(4).
0
Let v(f) = -11*f - 20. Let g(l) = 6*l + 11. Let d(w) = -7*g(w) - 4*v(w). Give d(-3).
-3
Let z(s) = 8*s**2. Let k(a) = a - a - 9*a**2 + 0*a. Let q(f) = 3*k(f) + 2*z(f). What is q(-1)?
-11
Suppose -3*p = -7 + 10. Let i be p/((9/2)/9). Let y(x) be the second derivative of -x**3/2 - 3*x**2/2 + x. Calculate y(i).
3
Let h(k) = 1049*k**2 - k - 1054*k**2 - 4 + 4*k + k**3. Let r(u) = u**3 + 4*u**2 - u. Let c be r(-4). Calculate h(c).
-8
Let l(s) = -s - 15*s**3 + 21*s**3 - 5*s**2 + 0*s**2 + 4*s**2. Let k be (-1 + 1 - -1)*-1. What is l(k)?
-6
Let x(v) = v**2 - 2*v - 6. Let i = -23 - -29. Calculate x(i).
18
Let f(x) be the second derivative of -x**6/180 + x**5/120 - x**3/3 + 3*x. Let g(b) be the second derivative of f(b). Calculate g(1).
-1
Suppose -3*j + z - 18 = -3*z, j + 19 = -3*z. Let i = j - -6. Let g be ((-4)/(-8))/((-1)/i). Let s(q) = -q**3 + q**2 - 2*q + 1. Determine s(g).
-7
Let i be 396/15 - (-2)/(-5). Suppose i = -3*j - 22. Let s be 8/(-2)*4/j. Let h(q) = 4*q + 1. Give h(s).
5
Let x(c) = -c**3 + 7*c**2 - 9*c + 9